{"id":3692,"date":"2022-02-16T08:23:40","date_gmt":"2022-02-16T08:23:40","guid":{"rendered":"https:\/\/grupomartinturiel.es\/curso\/sistemas-de-gestion-documental-en-la-empresa\/"},"modified":"2022-02-16T08:25:21","modified_gmt":"2022-02-16T08:25:21","slug":"sistemas-de-gestion-documental-en-la-empresa","status":"publish","type":"product","link":"https:\/\/grupomartinturiel.es\/?product=sistemas-de-gestion-documental-en-la-empresa","title":{"rendered":"Sistemas de gesti\u00f3n documental en la empresa"},"content":{"rendered":"<h2>OBJETIVOS CURSO BONIFICADO ONLINE SISTEMAS DE GESTI\u00d3N DOCUMENTAL EN LA EMPRESA<\/h2>\n<ul>\n<li>Se informa de las novedades tecnol\u00f3gicas sobre gesti\u00f3n documental que afectan a la organizaci\u00f3n de la oficina y en qu\u00e9 consiste la transformaci\u00f3n digital.<\/li>\n<li>Se muestran las caracter\u00edsticas b\u00e1sicas de un software de gesti\u00f3n documental, los consejos para saber elegir cu\u00e1l es el m\u00e1s conveniente seg\u00fan qu\u00e9 empresa, se citan los programas m\u00e1s utilizados en la actualidad y sus funcionalidades.<\/li>\n<li>Se indican las definiciones y vocabulario m\u00e1s t\u00e9cnico que el alumno debe conocer para trabajar en este contexto.<\/li>\n<li>Se da a conocer la normativa actual, junto con el funcionamiento de la administraci\u00f3n electr\u00f3nica espa\u00f1ola que actualmente est\u00e1 trabajando a nivel oficial y tambi\u00e9n implicando a empresas privadas.<\/li>\n<li>Se introduce al alumno en la teor\u00eda del archivo y del documento, detallando cuestiones como su definici\u00f3n, origen, clasificaci\u00f3n y ordenaci\u00f3n.<\/li>\n<li>Se muestran las t\u00e9cnicas de archivo y c\u00f3mo llevarlas a la pr\u00e1ctica.<\/li>\n<li>Se ofrecen consejos para archivar y realizar una correcta gesti\u00f3n documental.<\/li>\n<li>Se ense\u00f1a a configurar un gestor documental.<\/li>\n<\/ul>\n","protected":false},"excerpt":{"rendered":"<p>OBJETIVOS CURSO BONIFICADO ONLINE SISTEMAS DE GESTI\u00d3N DOCUMENTAL EN LA EMPRESA Se informa de las novedades tecnol\u00f3gicas sobre gesti\u00f3n documental que afectan a la organizaci\u00f3n de la oficina y en qu\u00e9 consiste la transformaci\u00f3n digital. Se muestran las caracter\u00edsticas b\u00e1sicas de un software de gesti\u00f3n documental, los consejos para saber elegir cu\u00e1l es el m\u00e1s &hellip;<\/p>\n<p class=\"read-more\"> <a class=\"\" href=\"https:\/\/grupomartinturiel.es\/?product=sistemas-de-gestion-documental-en-la-empresa\"> <span class=\"screen-reader-text\">Sistemas de gesti\u00f3n documental en la empresa<\/span> Leer m\u00e1s &raquo;<\/a><\/p>\n","protected":false},"featured_media":574,"comment_status":"closed","ping_status":"closed","template":"","meta":{"site-sidebar-layout":"default","site-content-layout":"default","ast-site-content-layout":"","site-content-style":"default","site-sidebar-style":"default","ast-global-header-display":"","ast-banner-title-visibility":"","ast-main-header-display":"","ast-hfb-above-header-display":"","ast-hfb-below-header-display":"","ast-hfb-mobile-header-display":"","site-post-title":"","ast-breadcrumbs-content":"","ast-featured-img":"","footer-sml-layout":"","theme-transparent-header-meta":"default","adv-header-id-meta":"","stick-header-meta":"","header-above-stick-meta":"","header-main-stick-meta":"","header-below-stick-meta":"","astra-migrate-meta-layouts":"","ast-page-background-enabled":"default","ast-page-background-meta":{"desktop":{"background-color":"","background-image":"","background-repeat":"repeat","background-position":"center center","background-size":"auto","background-attachment":"scroll","background-type":"","background-media":"","overlay-type":"","overlay-color":"","overlay-gradient":""},"tablet":{"background-color":"","background-image":"","background-repeat":"repeat","background-position":"center center","background-size":"auto","background-attachment":"scroll","background-type":"","background-media":"","overlay-type":"","overlay-color":"","overlay-gradient":""},"mobile":{"background-color":"","background-image":"","background-repeat":"repeat","background-position":"center center","background-size":"auto","background-attachment":"scroll","background-type":"","background-media":"","overlay-type":"","overlay-color":"","overlay-gradient":""}},"ast-content-background-meta":{"desktop":{"background-color":"var(--ast-global-color-5)","background-image":"","background-repeat":"repeat","background-position":"center center","background-size":"auto","background-attachment":"scroll","background-type":"","background-media":"","overlay-type":"","overlay-color":"","overlay-gradient":""},"tablet":{"background-color":"var(--ast-global-color-5)","background-image":"","background-repeat":"repeat","background-position":"center center","background-size":"auto","background-attachment":"scroll","background-type":"","background-media":"","overlay-type":"","overlay-color":"","overlay-gradient":""},"mobile":{"background-color":"var(--ast-global-color-5)","background-image":"","background-repeat":"repeat","background-position":"center center","background-size":"auto","background-attachment":"scroll","background-type":"","background-media":"","overlay-type":"","overlay-color":"","overlay-gradient":""}}},"product_brand":[],"product_cat":[33],"product_tag":[],"class_list":{"0":"post-3692","1":"product","2":"type-product","3":"status-publish","4":"has-post-thumbnail","6":"product_cat-gestion-y-administracion","7":"desktop-align-left","8":"tablet-align-left","9":"mobile-align-left","11":"first","12":"instock","13":"shipping-taxable","14":"product-type-simple"},"yoast_head":"<!-- This site is optimized with the Yoast SEO plugin v27.4 - https:\/\/yoast.com\/product\/yoast-seo-wordpress\/ -->\n<title>Sistemas de gesti\u00f3n documental en la empresa - Grupo Martin Turiel<\/title>\n<meta name=\"robots\" content=\"index, follow, max-snippet:-1, max-image-preview:large, max-video-preview:-1\" \/>\n<link rel=\"canonical\" href=\"https:\/\/grupomartinturiel.es\/curso\/sistemas-de-gestion-documental-en-la-empresa\/\" \/>\n<meta property=\"og:locale\" content=\"es_ES\" \/>\n<meta property=\"og:type\" content=\"article\" \/>\n<meta property=\"og:title\" content=\"Sistemas de gesti\u00f3n documental en la empresa - Grupo Martin Turiel\" \/>\n<meta property=\"og:description\" content=\"OBJETIVOS CURSO BONIFICADO ONLINE SISTEMAS DE GESTI\u00d3N DOCUMENTAL EN LA EMPRESA Se informa de las novedades tecnol\u00f3gicas sobre gesti\u00f3n documental que afectan a la organizaci\u00f3n de la oficina y en qu\u00e9 consiste la transformaci\u00f3n digital. Se muestran las caracter\u00edsticas b\u00e1sicas de un software de gesti\u00f3n documental, los consejos para saber elegir cu\u00e1l es el m\u00e1s &hellip; Sistemas de gesti\u00f3n documental en la empresa Leer m\u00e1s &raquo;\" \/>\n<meta property=\"og:url\" content=\"https:\/\/grupomartinturiel.es\/curso\/sistemas-de-gestion-documental-en-la-empresa\/\" \/>\n<meta property=\"og:site_name\" content=\"Grupo Martin Turiel\" \/>\n<meta property=\"article:publisher\" content=\"https:\/\/www.facebook.com\/grupomartinturiel\/\" \/>\n<meta property=\"article:modified_time\" content=\"2022-02-16T08:25:21+00:00\" \/>\n<meta property=\"og:image\" content=\"https:\/\/grupomartinturiel.es\/wp-content\/uploads\/2021\/04\/Gestion-y-Administracion.jpg\" \/>\n\t<meta property=\"og:image:width\" content=\"1920\" \/>\n\t<meta property=\"og:image:height\" content=\"1210\" \/>\n\t<meta property=\"og:image:type\" content=\"image\/jpeg\" \/>\n<meta name=\"twitter:card\" content=\"summary_large_image\" \/>\n<meta name=\"twitter:site\" content=\"@gmartinturiel\" \/>\n<meta name=\"twitter:label1\" content=\"Tiempo de lectura\" \/>\n\t<meta name=\"twitter:data1\" content=\"1 minuto\" \/>\n<script type=\"application\/ld+json\" class=\"yoast-schema-graph\">{\"@context\":\"https:\\\/\\\/schema.org\",\"@graph\":[{\"@type\":\"WebPage\",\"@id\":\"https:\\\/\\\/grupomartinturiel.es\\\/curso\\\/sistemas-de-gestion-documental-en-la-empresa\\\/\",\"url\":\"https:\\\/\\\/grupomartinturiel.es\\\/curso\\\/sistemas-de-gestion-documental-en-la-empresa\\\/\",\"name\":\"Sistemas de gesti\u00f3n documental en la empresa - Grupo Martin Turiel\",\"isPartOf\":{\"@id\":\"https:\\\/\\\/grupomartinturiel.es\\\/#website\"},\"primaryImageOfPage\":{\"@id\":\"https:\\\/\\\/grupomartinturiel.es\\\/curso\\\/sistemas-de-gestion-documental-en-la-empresa\\\/#primaryimage\"},\"image\":{\"@id\":\"https:\\\/\\\/grupomartinturiel.es\\\/curso\\\/sistemas-de-gestion-documental-en-la-empresa\\\/#primaryimage\"},\"thumbnailUrl\":\"https:\\\/\\\/grupomartinturiel.es\\\/wp-content\\\/uploads\\\/2021\\\/04\\\/Gestion-y-Administracion.jpg\",\"datePublished\":\"2022-02-16T08:23:40+00:00\",\"dateModified\":\"2022-02-16T08:25:21+00:00\",\"breadcrumb\":{\"@id\":\"https:\\\/\\\/grupomartinturiel.es\\\/curso\\\/sistemas-de-gestion-documental-en-la-empresa\\\/#breadcrumb\"},\"inLanguage\":\"es\",\"potentialAction\":[{\"@type\":\"ReadAction\",\"target\":[\"https:\\\/\\\/grupomartinturiel.es\\\/curso\\\/sistemas-de-gestion-documental-en-la-empresa\\\/\"]}]},{\"@type\":\"ImageObject\",\"inLanguage\":\"es\",\"@id\":\"https:\\\/\\\/grupomartinturiel.es\\\/curso\\\/sistemas-de-gestion-documental-en-la-empresa\\\/#primaryimage\",\"url\":\"https:\\\/\\\/grupomartinturiel.es\\\/wp-content\\\/uploads\\\/2021\\\/04\\\/Gestion-y-Administracion.jpg\",\"contentUrl\":\"https:\\\/\\\/grupomartinturiel.es\\\/wp-content\\\/uploads\\\/2021\\\/04\\\/Gestion-y-Administracion.jpg\",\"width\":1920,\"height\":1210},{\"@type\":\"BreadcrumbList\",\"@id\":\"https:\\\/\\\/grupomartinturiel.es\\\/curso\\\/sistemas-de-gestion-documental-en-la-empresa\\\/#breadcrumb\",\"itemListElement\":[{\"@type\":\"ListItem\",\"position\":1,\"name\":\"Portada\",\"item\":\"https:\\\/\\\/grupomartinturiel.es\\\/\"},{\"@type\":\"ListItem\",\"position\":2,\"name\":\"Cursos online bonificados\",\"item\":\"https:\\\/\\\/grupomartinturiel.es\\\/?page_id=1495\"},{\"@type\":\"ListItem\",\"position\":3,\"name\":\"Sistemas de gesti\u00f3n documental en la empresa\"}]},{\"@type\":\"WebSite\",\"@id\":\"https:\\\/\\\/grupomartinturiel.es\\\/#website\",\"url\":\"https:\\\/\\\/grupomartinturiel.es\\\/\",\"name\":\"Grupo Martin Turiel\",\"description\":\"\",\"publisher\":{\"@id\":\"https:\\\/\\\/grupomartinturiel.es\\\/#organization\"},\"potentialAction\":[{\"@type\":\"SearchAction\",\"target\":{\"@type\":\"EntryPoint\",\"urlTemplate\":\"https:\\\/\\\/grupomartinturiel.es\\\/?s={search_term_string}\"},\"query-input\":{\"@type\":\"PropertyValueSpecification\",\"valueRequired\":true,\"valueName\":\"search_term_string\"}}],\"inLanguage\":\"es\"},{\"@type\":\"Organization\",\"@id\":\"https:\\\/\\\/grupomartinturiel.es\\\/#organization\",\"name\":\"Grupo Martin Turiel, S.L.\",\"url\":\"https:\\\/\\\/grupomartinturiel.es\\\/\",\"logo\":{\"@type\":\"ImageObject\",\"inLanguage\":\"es\",\"@id\":\"https:\\\/\\\/grupomartinturiel.es\\\/#\\\/schema\\\/logo\\\/image\\\/\",\"url\":\"https:\\\/\\\/grupomartinturiel.es\\\/wp-content\\\/uploads\\\/2021\\\/03\\\/cropped-Logo-web-2.png\",\"contentUrl\":\"https:\\\/\\\/grupomartinturiel.es\\\/wp-content\\\/uploads\\\/2021\\\/03\\\/cropped-Logo-web-2.png\",\"width\":200,\"height\":94,\"caption\":\"Grupo Martin Turiel, S.L.\"},\"image\":{\"@id\":\"https:\\\/\\\/grupomartinturiel.es\\\/#\\\/schema\\\/logo\\\/image\\\/\"},\"sameAs\":[\"https:\\\/\\\/www.facebook.com\\\/grupomartinturiel\\\/\",\"https:\\\/\\\/x.com\\\/gmartinturiel\",\"https:\\\/\\\/www.instagram.com\\\/Grupomartinturiel\\\/\",\"https:\\\/\\\/www.linkedin.com\\\/company\\\/grupo-martin-turiel\"]}]}<\/script>\n<!-- \/ Yoast SEO plugin. -->","yoast_head_json":{"title":"Sistemas de gesti\u00f3n documental en la empresa - Grupo Martin Turiel","robots":{"index":"index","follow":"follow","max-snippet":"max-snippet:-1","max-image-preview":"max-image-preview:large","max-video-preview":"max-video-preview:-1"},"canonical":"https:\/\/grupomartinturiel.es\/curso\/sistemas-de-gestion-documental-en-la-empresa\/","og_locale":"es_ES","og_type":"article","og_title":"Sistemas de gesti\u00f3n documental en la empresa - Grupo Martin Turiel","og_description":"OBJETIVOS CURSO BONIFICADO ONLINE SISTEMAS DE GESTI\u00d3N DOCUMENTAL EN LA EMPRESA Se informa de las novedades tecnol\u00f3gicas sobre gesti\u00f3n documental que afectan a la organizaci\u00f3n de la oficina y en qu\u00e9 consiste la transformaci\u00f3n digital. Se muestran las caracter\u00edsticas b\u00e1sicas de un software de gesti\u00f3n documental, los consejos para saber elegir cu\u00e1l es el m\u00e1s &hellip; Sistemas de gesti\u00f3n documental en la empresa Leer m\u00e1s &raquo;","og_url":"https:\/\/grupomartinturiel.es\/curso\/sistemas-de-gestion-documental-en-la-empresa\/","og_site_name":"Grupo Martin Turiel","article_publisher":"https:\/\/www.facebook.com\/grupomartinturiel\/","article_modified_time":"2022-02-16T08:25:21+00:00","og_image":[{"width":1920,"height":1210,"url":"https:\/\/grupomartinturiel.es\/wp-content\/uploads\/2021\/04\/Gestion-y-Administracion.jpg","type":"image\/jpeg"}],"twitter_card":"summary_large_image","twitter_site":"@gmartinturiel","twitter_misc":{"Tiempo de lectura":"1 minuto"},"schema":{"@context":"https:\/\/schema.org","@graph":[{"@type":"WebPage","@id":"https:\/\/grupomartinturiel.es\/curso\/sistemas-de-gestion-documental-en-la-empresa\/","url":"https:\/\/grupomartinturiel.es\/curso\/sistemas-de-gestion-documental-en-la-empresa\/","name":"Sistemas de gesti\u00f3n documental en la empresa - Grupo Martin Turiel","isPartOf":{"@id":"https:\/\/grupomartinturiel.es\/#website"},"primaryImageOfPage":{"@id":"https:\/\/grupomartinturiel.es\/curso\/sistemas-de-gestion-documental-en-la-empresa\/#primaryimage"},"image":{"@id":"https:\/\/grupomartinturiel.es\/curso\/sistemas-de-gestion-documental-en-la-empresa\/#primaryimage"},"thumbnailUrl":"https:\/\/grupomartinturiel.es\/wp-content\/uploads\/2021\/04\/Gestion-y-Administracion.jpg","datePublished":"2022-02-16T08:23:40+00:00","dateModified":"2022-02-16T08:25:21+00:00","breadcrumb":{"@id":"https:\/\/grupomartinturiel.es\/curso\/sistemas-de-gestion-documental-en-la-empresa\/#breadcrumb"},"inLanguage":"es","potentialAction":[{"@type":"ReadAction","target":["https:\/\/grupomartinturiel.es\/curso\/sistemas-de-gestion-documental-en-la-empresa\/"]}]},{"@type":"ImageObject","inLanguage":"es","@id":"https:\/\/grupomartinturiel.es\/curso\/sistemas-de-gestion-documental-en-la-empresa\/#primaryimage","url":"https:\/\/grupomartinturiel.es\/wp-content\/uploads\/2021\/04\/Gestion-y-Administracion.jpg","contentUrl":"https:\/\/grupomartinturiel.es\/wp-content\/uploads\/2021\/04\/Gestion-y-Administracion.jpg","width":1920,"height":1210},{"@type":"BreadcrumbList","@id":"https:\/\/grupomartinturiel.es\/curso\/sistemas-de-gestion-documental-en-la-empresa\/#breadcrumb","itemListElement":[{"@type":"ListItem","position":1,"name":"Portada","item":"https:\/\/grupomartinturiel.es\/"},{"@type":"ListItem","position":2,"name":"Cursos online bonificados","item":"https:\/\/grupomartinturiel.es\/?page_id=1495"},{"@type":"ListItem","position":3,"name":"Sistemas de gesti\u00f3n documental en la empresa"}]},{"@type":"WebSite","@id":"https:\/\/grupomartinturiel.es\/#website","url":"https:\/\/grupomartinturiel.es\/","name":"Grupo Martin Turiel","description":"","publisher":{"@id":"https:\/\/grupomartinturiel.es\/#organization"},"potentialAction":[{"@type":"SearchAction","target":{"@type":"EntryPoint","urlTemplate":"https:\/\/grupomartinturiel.es\/?s={search_term_string}"},"query-input":{"@type":"PropertyValueSpecification","valueRequired":true,"valueName":"search_term_string"}}],"inLanguage":"es"},{"@type":"Organization","@id":"https:\/\/grupomartinturiel.es\/#organization","name":"Grupo Martin Turiel, S.L.","url":"https:\/\/grupomartinturiel.es\/","logo":{"@type":"ImageObject","inLanguage":"es","@id":"https:\/\/grupomartinturiel.es\/#\/schema\/logo\/image\/","url":"https:\/\/grupomartinturiel.es\/wp-content\/uploads\/2021\/03\/cropped-Logo-web-2.png","contentUrl":"https:\/\/grupomartinturiel.es\/wp-content\/uploads\/2021\/03\/cropped-Logo-web-2.png","width":200,"height":94,"caption":"Grupo Martin Turiel, S.L."},"image":{"@id":"https:\/\/grupomartinturiel.es\/#\/schema\/logo\/image\/"},"sameAs":["https:\/\/www.facebook.com\/grupomartinturiel\/","https:\/\/x.com\/gmartinturiel","https:\/\/www.instagram.com\/Grupomartinturiel\/","https:\/\/www.linkedin.com\/company\/grupo-martin-turiel"]}]}},"_links":{"self":[{"href":"https:\/\/grupomartinturiel.es\/index.php?rest_route=\/wp\/v2\/product\/3692","targetHints":{"allow":["GET"]}}],"collection":[{"href":"https:\/\/grupomartinturiel.es\/index.php?rest_route=\/wp\/v2\/product"}],"about":[{"href":"https:\/\/grupomartinturiel.es\/index.php?rest_route=\/wp\/v2\/types\/product"}],"replies":[{"embeddable":true,"href":"https:\/\/grupomartinturiel.es\/index.php?rest_route=%2Fwp%2Fv2%2Fcomments&post=3692"}],"wp:featuredmedia":[{"embeddable":true,"href":"https:\/\/grupomartinturiel.es\/index.php?rest_route=\/wp\/v2\/media\/574"}],"wp:attachment":[{"href":"https:\/\/grupomartinturiel.es\/index.php?rest_route=%2Fwp%2Fv2%2Fmedia&parent=3692"}],"wp:term":[{"taxonomy":"product_brand","embeddable":true,"href":"https:\/\/grupomartinturiel.es\/index.php?rest_route=%2Fwp%2Fv2%2Fproduct_brand&post=3692"},{"taxonomy":"product_cat","embeddable":true,"href":"https:\/\/grupomartinturiel.es\/index.php?rest_route=%2Fwp%2Fv2%2Fproduct_cat&post=3692"},{"taxonomy":"product_tag","embeddable":true,"href":"https:\/\/grupomartinturiel.es\/index.php?rest_route=%2Fwp%2Fv2%2Fproduct_tag&post=3692"}],"curies":[{"name":"wp","href":"https:\/\/api.w.org\/{rel}","templated":true}]}}