{"id":390,"date":"2021-04-23T08:06:52","date_gmt":"2021-04-23T08:06:52","guid":{"rendered":"https:\/\/grupomartinturiel.es\/producto\/implantacion-de-la-proteccion-de-datos-2019\/"},"modified":"2021-05-21T10:48:28","modified_gmt":"2021-05-21T10:48:28","slug":"implantacion-de-la-proteccion-de-datos-2019","status":"publish","type":"product","link":"https:\/\/grupomartinturiel.es\/?product=implantacion-de-la-proteccion-de-datos-2019","title":{"rendered":"Implantaci\u00f3n de la protecci\u00f3n de datos 2019"},"content":{"rendered":"<h2>OBJETIVOS CURSO BONIFICADO ONLINE IMPLANTACION DE LA PROTECCION DE DATOS 2019<\/h2>\n<ul>\n<li><span>Aprender cu\u00e1les son los pasos en la implantaci\u00f3n pr\u00e1ctica de la protecci\u00f3n de datos en una empresa que trate datos de escaso riesgo, para ello se introduce al alumno a la terminolog\u00eda referente a los datos personales y su tratamiento.<\/span><\/li>\n<li><span>Se da a conocer el organismo de La Agencia Espa\u00f1ola de Protecci\u00f3n de Datos y sus funciones, as\u00ed como el origen, evoluci\u00f3n y actualidad normativa relativa a la protecci\u00f3n de datos, en qu\u00e9 consiste la Ley de Protecci\u00f3n de Datos LOPDGDD y el Reglamento General de Protecci\u00f3n de Datos RGPD<\/span><\/li>\n<li><span>Se ense\u00f1a al alumno a dominar cuestiones fundamentales como la informaci\u00f3n obligatoria y por capas, el consentimiento expreso, el registro de actividades del tratamiento, qui\u00e9n es el Delegado de Protecci\u00f3n de Datos, en qu\u00e9 consiste la elaboraci\u00f3n de perfiles o cu\u00e1l es el tratamiento que se puede hacer sin consentimiento.<\/span><\/li>\n<li><span>Se muestra el funcionamiento de FACILITA RGPD, la herramienta que ofrece la AEPD para implantar la protecci\u00f3n de datos en empresas que tratan datos de escaso riesgo.<\/span><\/li>\n<li><span>Se dan a conocer las medidas t\u00e9cnicas y organizativas necesarias para llevar a cabo la implantaci\u00f3n de la protecci\u00f3n, junto con los textos obligatorios a incluir en los formularios o modelos que tenga la empresa.<\/span><\/li>\n<li><span>Se informa de las cl\u00e1usulas de confidencialidad, los plazos de conservaci\u00f3n de los datos y las normas a tener en cuenta con los extrabajadores.<\/span><\/li>\n<li><span>Se ense\u00f1an las medidas de seguridad a implantar para evitar las infracciones o sanciones por incumplimiento de la ley y el reglamento.<\/span><\/li>\n<li><span>Se resumen las infracciones y sanciones que actualmente se pueden imponer a una empresa por el incumplimiento de la protecci\u00f3n de datos personales.<\/span><\/li>\n<\/ul>\n","protected":false},"excerpt":{"rendered":"<p>OBJETIVOS CURSO BONIFICADO ONLINE IMPLANTACION DE LA PROTECCION DE DATOS 2019 Aprender cu\u00e1les son los pasos en la implantaci\u00f3n pr\u00e1ctica de la protecci\u00f3n de datos en una empresa que trate datos de escaso riesgo, para ello se introduce al alumno a la terminolog\u00eda referente a los datos personales y su tratamiento. Se da a conocer &hellip;<\/p>\n<p class=\"read-more\"> <a class=\"\" href=\"https:\/\/grupomartinturiel.es\/?product=implantacion-de-la-proteccion-de-datos-2019\"> <span class=\"screen-reader-text\">Implantaci\u00f3n de la protecci\u00f3n de datos 2019<\/span> Leer m\u00e1s &raquo;<\/a><\/p>\n","protected":false},"featured_media":513,"comment_status":"closed","ping_status":"closed","template":"","meta":{"site-sidebar-layout":"default","site-content-layout":"default","ast-site-content-layout":"","site-content-style":"default","site-sidebar-style":"default","ast-global-header-display":"","ast-banner-title-visibility":"","ast-main-header-display":"","ast-hfb-above-header-display":"","ast-hfb-below-header-display":"","ast-hfb-mobile-header-display":"","site-post-title":"","ast-breadcrumbs-content":"","ast-featured-img":"","footer-sml-layout":"","theme-transparent-header-meta":"default","adv-header-id-meta":"","stick-header-meta":"","header-above-stick-meta":"","header-main-stick-meta":"","header-below-stick-meta":"","astra-migrate-meta-layouts":"","ast-page-background-enabled":"default","ast-page-background-meta":{"desktop":{"background-color":"","background-image":"","background-repeat":"repeat","background-position":"center center","background-size":"auto","background-attachment":"scroll","background-type":"","background-media":"","overlay-type":"","overlay-color":"","overlay-gradient":""},"tablet":{"background-color":"","background-image":"","background-repeat":"repeat","background-position":"center center","background-size":"auto","background-attachment":"scroll","background-type":"","background-media":"","overlay-type":"","overlay-color":"","overlay-gradient":""},"mobile":{"background-color":"","background-image":"","background-repeat":"repeat","background-position":"center center","background-size":"auto","background-attachment":"scroll","background-type":"","background-media":"","overlay-type":"","overlay-color":"","overlay-gradient":""}},"ast-content-background-meta":{"desktop":{"background-color":"var(--ast-global-color-5)","background-image":"","background-repeat":"repeat","background-position":"center center","background-size":"auto","background-attachment":"scroll","background-type":"","background-media":"","overlay-type":"","overlay-color":"","overlay-gradient":""},"tablet":{"background-color":"var(--ast-global-color-5)","background-image":"","background-repeat":"repeat","background-position":"center center","background-size":"auto","background-attachment":"scroll","background-type":"","background-media":"","overlay-type":"","overlay-color":"","overlay-gradient":""},"mobile":{"background-color":"var(--ast-global-color-5)","background-image":"","background-repeat":"repeat","background-position":"center center","background-size":"auto","background-attachment":"scroll","background-type":"","background-media":"","overlay-type":"","overlay-color":"","overlay-gradient":""}}},"product_brand":[],"product_cat":[42],"product_tag":[],"class_list":{"0":"post-390","1":"product","2":"type-product","3":"status-publish","4":"has-post-thumbnail","6":"product_cat-derecho","7":"desktop-align-left","8":"tablet-align-left","9":"mobile-align-left","11":"first","12":"instock","13":"featured","14":"shipping-taxable","15":"product-type-simple"},"yoast_head":"<!-- This site is optimized with the Yoast SEO plugin v27.5 - https:\/\/yoast.com\/product\/yoast-seo-wordpress\/ -->\n<title>Implantaci\u00f3n de la protecci\u00f3n de datos 2019 - Grupo Martin Turiel<\/title>\n<meta name=\"robots\" content=\"index, follow, max-snippet:-1, max-image-preview:large, max-video-preview:-1\" \/>\n<link rel=\"canonical\" href=\"https:\/\/grupomartinturiel.es\/curso\/implantacion-de-la-proteccion-de-datos-2019\/\" \/>\n<meta property=\"og:locale\" content=\"es_ES\" \/>\n<meta property=\"og:type\" content=\"article\" \/>\n<meta property=\"og:title\" content=\"Implantaci\u00f3n de la protecci\u00f3n de datos 2019 - Grupo Martin Turiel\" \/>\n<meta property=\"og:description\" content=\"OBJETIVOS CURSO BONIFICADO ONLINE IMPLANTACION DE LA PROTECCION DE DATOS 2019 Aprender cu\u00e1les son los pasos en la implantaci\u00f3n pr\u00e1ctica de la protecci\u00f3n de datos en una empresa que trate datos de escaso riesgo, para ello se introduce al alumno a la terminolog\u00eda referente a los datos personales y su tratamiento. Se da a conocer &hellip; Implantaci\u00f3n de la protecci\u00f3n de datos 2019 Leer m\u00e1s &raquo;\" \/>\n<meta property=\"og:url\" content=\"https:\/\/grupomartinturiel.es\/curso\/implantacion-de-la-proteccion-de-datos-2019\/\" \/>\n<meta property=\"og:site_name\" content=\"Grupo Martin Turiel\" \/>\n<meta property=\"article:publisher\" content=\"https:\/\/www.facebook.com\/grupomartinturiel\/\" \/>\n<meta property=\"article:modified_time\" content=\"2021-05-21T10:48:28+00:00\" \/>\n<meta property=\"og:image\" content=\"https:\/\/grupomartinturiel.es\/wp-content\/uploads\/2021\/04\/Derecho.jpg\" \/>\n\t<meta property=\"og:image:width\" content=\"1920\" \/>\n\t<meta property=\"og:image:height\" content=\"1439\" \/>\n\t<meta property=\"og:image:type\" content=\"image\/jpeg\" \/>\n<meta name=\"twitter:card\" content=\"summary_large_image\" \/>\n<meta name=\"twitter:site\" content=\"@gmartinturiel\" \/>\n<meta name=\"twitter:label1\" content=\"Tiempo de lectura\" \/>\n\t<meta name=\"twitter:data1\" content=\"2 minutos\" \/>\n<script type=\"application\/ld+json\" class=\"yoast-schema-graph\">{\"@context\":\"https:\\\/\\\/schema.org\",\"@graph\":[{\"@type\":\"WebPage\",\"@id\":\"https:\\\/\\\/grupomartinturiel.es\\\/curso\\\/implantacion-de-la-proteccion-de-datos-2019\\\/\",\"url\":\"https:\\\/\\\/grupomartinturiel.es\\\/curso\\\/implantacion-de-la-proteccion-de-datos-2019\\\/\",\"name\":\"Implantaci\u00f3n de la protecci\u00f3n de datos 2019 - Grupo Martin Turiel\",\"isPartOf\":{\"@id\":\"https:\\\/\\\/grupomartinturiel.es\\\/#website\"},\"primaryImageOfPage\":{\"@id\":\"https:\\\/\\\/grupomartinturiel.es\\\/curso\\\/implantacion-de-la-proteccion-de-datos-2019\\\/#primaryimage\"},\"image\":{\"@id\":\"https:\\\/\\\/grupomartinturiel.es\\\/curso\\\/implantacion-de-la-proteccion-de-datos-2019\\\/#primaryimage\"},\"thumbnailUrl\":\"https:\\\/\\\/grupomartinturiel.es\\\/wp-content\\\/uploads\\\/2021\\\/04\\\/Derecho.jpg\",\"datePublished\":\"2021-04-23T08:06:52+00:00\",\"dateModified\":\"2021-05-21T10:48:28+00:00\",\"breadcrumb\":{\"@id\":\"https:\\\/\\\/grupomartinturiel.es\\\/curso\\\/implantacion-de-la-proteccion-de-datos-2019\\\/#breadcrumb\"},\"inLanguage\":\"es\",\"potentialAction\":[{\"@type\":\"ReadAction\",\"target\":[\"https:\\\/\\\/grupomartinturiel.es\\\/curso\\\/implantacion-de-la-proteccion-de-datos-2019\\\/\"]}]},{\"@type\":\"ImageObject\",\"inLanguage\":\"es\",\"@id\":\"https:\\\/\\\/grupomartinturiel.es\\\/curso\\\/implantacion-de-la-proteccion-de-datos-2019\\\/#primaryimage\",\"url\":\"https:\\\/\\\/grupomartinturiel.es\\\/wp-content\\\/uploads\\\/2021\\\/04\\\/Derecho.jpg\",\"contentUrl\":\"https:\\\/\\\/grupomartinturiel.es\\\/wp-content\\\/uploads\\\/2021\\\/04\\\/Derecho.jpg\",\"width\":1920,\"height\":1439},{\"@type\":\"BreadcrumbList\",\"@id\":\"https:\\\/\\\/grupomartinturiel.es\\\/curso\\\/implantacion-de-la-proteccion-de-datos-2019\\\/#breadcrumb\",\"itemListElement\":[{\"@type\":\"ListItem\",\"position\":1,\"name\":\"Portada\",\"item\":\"https:\\\/\\\/grupomartinturiel.es\\\/\"},{\"@type\":\"ListItem\",\"position\":2,\"name\":\"Cursos online bonificados\",\"item\":\"https:\\\/\\\/grupomartinturiel.es\\\/?page_id=1495\"},{\"@type\":\"ListItem\",\"position\":3,\"name\":\"Implantaci\u00f3n de la protecci\u00f3n de datos 2019\"}]},{\"@type\":\"WebSite\",\"@id\":\"https:\\\/\\\/grupomartinturiel.es\\\/#website\",\"url\":\"https:\\\/\\\/grupomartinturiel.es\\\/\",\"name\":\"Grupo Martin Turiel\",\"description\":\"\",\"publisher\":{\"@id\":\"https:\\\/\\\/grupomartinturiel.es\\\/#organization\"},\"potentialAction\":[{\"@type\":\"SearchAction\",\"target\":{\"@type\":\"EntryPoint\",\"urlTemplate\":\"https:\\\/\\\/grupomartinturiel.es\\\/?s={search_term_string}\"},\"query-input\":{\"@type\":\"PropertyValueSpecification\",\"valueRequired\":true,\"valueName\":\"search_term_string\"}}],\"inLanguage\":\"es\"},{\"@type\":\"Organization\",\"@id\":\"https:\\\/\\\/grupomartinturiel.es\\\/#organization\",\"name\":\"Grupo Martin Turiel, S.L.\",\"url\":\"https:\\\/\\\/grupomartinturiel.es\\\/\",\"logo\":{\"@type\":\"ImageObject\",\"inLanguage\":\"es\",\"@id\":\"https:\\\/\\\/grupomartinturiel.es\\\/#\\\/schema\\\/logo\\\/image\\\/\",\"url\":\"https:\\\/\\\/grupomartinturiel.es\\\/wp-content\\\/uploads\\\/2021\\\/03\\\/cropped-Logo-web-2.png\",\"contentUrl\":\"https:\\\/\\\/grupomartinturiel.es\\\/wp-content\\\/uploads\\\/2021\\\/03\\\/cropped-Logo-web-2.png\",\"width\":200,\"height\":94,\"caption\":\"Grupo Martin Turiel, S.L.\"},\"image\":{\"@id\":\"https:\\\/\\\/grupomartinturiel.es\\\/#\\\/schema\\\/logo\\\/image\\\/\"},\"sameAs\":[\"https:\\\/\\\/www.facebook.com\\\/grupomartinturiel\\\/\",\"https:\\\/\\\/x.com\\\/gmartinturiel\",\"https:\\\/\\\/www.instagram.com\\\/Grupomartinturiel\\\/\",\"https:\\\/\\\/www.linkedin.com\\\/company\\\/grupo-martin-turiel\"]}]}<\/script>\n<!-- \/ Yoast SEO plugin. -->","yoast_head_json":{"title":"Implantaci\u00f3n de la protecci\u00f3n de datos 2019 - Grupo Martin Turiel","robots":{"index":"index","follow":"follow","max-snippet":"max-snippet:-1","max-image-preview":"max-image-preview:large","max-video-preview":"max-video-preview:-1"},"canonical":"https:\/\/grupomartinturiel.es\/curso\/implantacion-de-la-proteccion-de-datos-2019\/","og_locale":"es_ES","og_type":"article","og_title":"Implantaci\u00f3n de la protecci\u00f3n de datos 2019 - Grupo Martin Turiel","og_description":"OBJETIVOS CURSO BONIFICADO ONLINE IMPLANTACION DE LA PROTECCION DE DATOS 2019 Aprender cu\u00e1les son los pasos en la implantaci\u00f3n pr\u00e1ctica de la protecci\u00f3n de datos en una empresa que trate datos de escaso riesgo, para ello se introduce al alumno a la terminolog\u00eda referente a los datos personales y su tratamiento. Se da a conocer &hellip; Implantaci\u00f3n de la protecci\u00f3n de datos 2019 Leer m\u00e1s &raquo;","og_url":"https:\/\/grupomartinturiel.es\/curso\/implantacion-de-la-proteccion-de-datos-2019\/","og_site_name":"Grupo Martin Turiel","article_publisher":"https:\/\/www.facebook.com\/grupomartinturiel\/","article_modified_time":"2021-05-21T10:48:28+00:00","og_image":[{"width":1920,"height":1439,"url":"https:\/\/grupomartinturiel.es\/wp-content\/uploads\/2021\/04\/Derecho.jpg","type":"image\/jpeg"}],"twitter_card":"summary_large_image","twitter_site":"@gmartinturiel","twitter_misc":{"Tiempo de lectura":"2 minutos"},"schema":{"@context":"https:\/\/schema.org","@graph":[{"@type":"WebPage","@id":"https:\/\/grupomartinturiel.es\/curso\/implantacion-de-la-proteccion-de-datos-2019\/","url":"https:\/\/grupomartinturiel.es\/curso\/implantacion-de-la-proteccion-de-datos-2019\/","name":"Implantaci\u00f3n de la protecci\u00f3n de datos 2019 - Grupo Martin Turiel","isPartOf":{"@id":"https:\/\/grupomartinturiel.es\/#website"},"primaryImageOfPage":{"@id":"https:\/\/grupomartinturiel.es\/curso\/implantacion-de-la-proteccion-de-datos-2019\/#primaryimage"},"image":{"@id":"https:\/\/grupomartinturiel.es\/curso\/implantacion-de-la-proteccion-de-datos-2019\/#primaryimage"},"thumbnailUrl":"https:\/\/grupomartinturiel.es\/wp-content\/uploads\/2021\/04\/Derecho.jpg","datePublished":"2021-04-23T08:06:52+00:00","dateModified":"2021-05-21T10:48:28+00:00","breadcrumb":{"@id":"https:\/\/grupomartinturiel.es\/curso\/implantacion-de-la-proteccion-de-datos-2019\/#breadcrumb"},"inLanguage":"es","potentialAction":[{"@type":"ReadAction","target":["https:\/\/grupomartinturiel.es\/curso\/implantacion-de-la-proteccion-de-datos-2019\/"]}]},{"@type":"ImageObject","inLanguage":"es","@id":"https:\/\/grupomartinturiel.es\/curso\/implantacion-de-la-proteccion-de-datos-2019\/#primaryimage","url":"https:\/\/grupomartinturiel.es\/wp-content\/uploads\/2021\/04\/Derecho.jpg","contentUrl":"https:\/\/grupomartinturiel.es\/wp-content\/uploads\/2021\/04\/Derecho.jpg","width":1920,"height":1439},{"@type":"BreadcrumbList","@id":"https:\/\/grupomartinturiel.es\/curso\/implantacion-de-la-proteccion-de-datos-2019\/#breadcrumb","itemListElement":[{"@type":"ListItem","position":1,"name":"Portada","item":"https:\/\/grupomartinturiel.es\/"},{"@type":"ListItem","position":2,"name":"Cursos online bonificados","item":"https:\/\/grupomartinturiel.es\/?page_id=1495"},{"@type":"ListItem","position":3,"name":"Implantaci\u00f3n de la protecci\u00f3n de datos 2019"}]},{"@type":"WebSite","@id":"https:\/\/grupomartinturiel.es\/#website","url":"https:\/\/grupomartinturiel.es\/","name":"Grupo Martin Turiel","description":"","publisher":{"@id":"https:\/\/grupomartinturiel.es\/#organization"},"potentialAction":[{"@type":"SearchAction","target":{"@type":"EntryPoint","urlTemplate":"https:\/\/grupomartinturiel.es\/?s={search_term_string}"},"query-input":{"@type":"PropertyValueSpecification","valueRequired":true,"valueName":"search_term_string"}}],"inLanguage":"es"},{"@type":"Organization","@id":"https:\/\/grupomartinturiel.es\/#organization","name":"Grupo Martin Turiel, S.L.","url":"https:\/\/grupomartinturiel.es\/","logo":{"@type":"ImageObject","inLanguage":"es","@id":"https:\/\/grupomartinturiel.es\/#\/schema\/logo\/image\/","url":"https:\/\/grupomartinturiel.es\/wp-content\/uploads\/2021\/03\/cropped-Logo-web-2.png","contentUrl":"https:\/\/grupomartinturiel.es\/wp-content\/uploads\/2021\/03\/cropped-Logo-web-2.png","width":200,"height":94,"caption":"Grupo Martin Turiel, S.L."},"image":{"@id":"https:\/\/grupomartinturiel.es\/#\/schema\/logo\/image\/"},"sameAs":["https:\/\/www.facebook.com\/grupomartinturiel\/","https:\/\/x.com\/gmartinturiel","https:\/\/www.instagram.com\/Grupomartinturiel\/","https:\/\/www.linkedin.com\/company\/grupo-martin-turiel"]}]}},"_links":{"self":[{"href":"https:\/\/grupomartinturiel.es\/index.php?rest_route=\/wp\/v2\/product\/390","targetHints":{"allow":["GET"]}}],"collection":[{"href":"https:\/\/grupomartinturiel.es\/index.php?rest_route=\/wp\/v2\/product"}],"about":[{"href":"https:\/\/grupomartinturiel.es\/index.php?rest_route=\/wp\/v2\/types\/product"}],"replies":[{"embeddable":true,"href":"https:\/\/grupomartinturiel.es\/index.php?rest_route=%2Fwp%2Fv2%2Fcomments&post=390"}],"wp:featuredmedia":[{"embeddable":true,"href":"https:\/\/grupomartinturiel.es\/index.php?rest_route=\/wp\/v2\/media\/513"}],"wp:attachment":[{"href":"https:\/\/grupomartinturiel.es\/index.php?rest_route=%2Fwp%2Fv2%2Fmedia&parent=390"}],"wp:term":[{"taxonomy":"product_brand","embeddable":true,"href":"https:\/\/grupomartinturiel.es\/index.php?rest_route=%2Fwp%2Fv2%2Fproduct_brand&post=390"},{"taxonomy":"product_cat","embeddable":true,"href":"https:\/\/grupomartinturiel.es\/index.php?rest_route=%2Fwp%2Fv2%2Fproduct_cat&post=390"},{"taxonomy":"product_tag","embeddable":true,"href":"https:\/\/grupomartinturiel.es\/index.php?rest_route=%2Fwp%2Fv2%2Fproduct_tag&post=390"}],"curies":[{"name":"wp","href":"https:\/\/api.w.org\/{rel}","templated":true}]}}